
True
Is 4971 composite?
True
Is 94049 composite?
False
Is 126307 composite?
False
Is 721 composite?
True
Is 2153 prime?
True
Is 9553 a prime number?
False
Is 137419 a composite number?
True
Is 2251 composite?
False
Is 705731 a composite number?
True
Is 118315 composite?
True
Is 133453 prime?
False
Is 351547 a composite number?
True
Is 338609 a composite number?
False
Is 91 prime?
False
Is 1244981 prime?
False
Is 205417 composite?
False
Is 1637 composite?
False
Is 842941 a prime number?
False
Is 1684979 prime?
True
Is 221903 a composite number?
True
Is 590171 a prime number?
True
Is 22047 a prime number?
False
Is 210421 prime?
True
Is 8717 a composite number?
True
Is 1937 a composite number?
True
Is 29363 a composite number?
False
Is 70937 prime?
True
Is 2153 composite?
False
Is 16621 composite?
True
Is 65789 composite?
False
Is 9197 a prime number?
False
Is 72665 a composite number?
True
Is 381461 composite?
False
Is 24239 composite?
False
Is 4564043 a prime number?
False
Is 39307 a prime number?
False
Is 4721 a prime number?
True
Is 4531 a prime number?
False
Is 6377 a composite number?
True
Is 463235 prime?
False
Is 81907 composite?
True
Is 54361 prime?
True
Is 114847 composite?
False
Is 624319 a composite number?
False
Is 117879 a composite number?
True
Is 196843 a prime number?
False
Is 47807 composite?
False
Is 20473 prime?
False
Is 6947 prime?
True
Is 107729 prime?
False
Is 2681 a prime number?
False
Is 5227 composite?
False
Is 992759 a prime number?
False
Is 2667633 prime?
False
Is 259273 prime?
False
Is 67871 a composite number?
True
Is 2109391 composite?
False
Is 105929 composite?
False
Is 108457 a composite number?
False
Is 2927 a composite number?
False
Is 27865 prime?
False
Is 140123 prime?
True
Is 104626 composite?
True
Is 31469 composite?
False
Is 196835 composite?
True
Is 512659 a prime number?
False
Is 27298 a composite number?
True
Is 25007 prime?
False
Is 12451 a prime number?
True
Is 587 prime?
True
Is 46723 a prime number?
True
Is 15727 composite?
False
Is 80119 a composite number?
True
Is 687277 a composite number?
False
Is 769 a composite number?
False
Is 138031 a prime number?
False
Is 37685 a prime number?
False
Is 410231 a prime number?
True
Is 20761 a prime number?
False
Is 73673 prime?
True
Is 135461 a composite number?
False
Is 111 a prime number?
False
Is 2568737 prime?
False
Is 2370011 a prime number?
False
Is 977299 composite?
False
Is 82003 a prime number?
True
Is 65867 prime?
True
Is 43937 a composite number?
True
Is 113689 a composite number?
True
Is 3869 prime?
False
Is 43913 a prime number?
True
Is 89363 a prime number?
True
Is 147853 a composite number?
False
Is 40193 composite?
False
Is 211 a composite number?
False
Is 243931 a prime number?
True
Is 21647 a prime number?
True
Is 350377 a composite number?
False
Is 188621 a prime number?
True
Is 80566 composite?
True
Is 207377 composite?
False
Is 1888723 a prime number?
True
Is 258591 a prime number?
False
Is 172141 a prime number?
False
Is 132947 a prime number?
True
Is 6779 a composite number?
False
Is 17599 a prime number?
True
Is 4987 composite?
False
Is 105457 composite?
True
Is 365957 prime?
False
Is 392591 prime?
False
Is 3127 a composite number?
True
Is 28687 a composite number?
False
Is 49277 composite?
False
Is 222221 prime?
False
Is 1462259 a composite number?
True
Is 19673 a prime number?
False
Is 15313 a composite number?
False
Is 175679 composite?
True
Is 183637 a composite number?
False
Is 131902 prime?
False
Is 28051 a prime number?
True
Is 2939 composite?
False
Is 57377 a composite number?
True
Is 1934 a composite number?
True
Is 190835 composite?
True
Is 186551 a composite number?
False
Is 2225371 a prime number?
True
Is 93127 a prime number?
False
Is 18169 a prime number?
True
Is 121291 a prime number?
True
Is 2521 composite?
False
Is 7642 a prime number?
False
Is 63363 a composite number?
True
Is 1651 composite?
True
Is 23417 a prime number?
True
Is 33107 a composite number?
False
Is 319291 composite?
True
Is 18839 a composite number?
False
Is 171805 composite?
True
Is 810286 a composite number?
True
Is 23377 a composite number?
True
Is 12677 a composite number?
True
Is 79129 composite?
True
Is 2819 a composite number?
False
Is 110411 a composite number?
True
Is 43211 a composite number?
True
Is 1108867 composite?
False
Is 111455 composite?
True
Is 28781 composite?
True
Is 233891 a prime number?
False
Is 22541 a composite number?
False
Is 1483681 prime?
True
Is 1049855 prime?
False
Is 1497 a prime number?
False
Is 159787 a composite number?
False
Is 24233 a composite number?
True
Is 13649 a composite number?
False
Is 114249 a prime number?
False
Is 292021 composite?
False
Is 1801 a composite number?
False
Is 122471 a prime number?
True
Is 2103503 prime?
True
Is 142357 a prime number?
True
Is 3709 composite?
False
Is 4371791 a composite number?
False
Is 44155 a composite number?
True
Is 50059 a composite number?
True
Is 42611 a prime number?
True
Is 3779167 prime?
False
Is 40999 a composite number?
True
Is 466801 a prime number?
True
Is 4535 prime?
False
Is 28093 composite?
True
Is 1227257 a composite number?
True
Is 66574 prime?
False
Is 12287 a prime number?
False
Is 34027 a composite number?
True
Is 40405 a composite number?
True
Is 1565879 composite?
True
Is 82919 a composite number?
True
Is 2053 composite?
False
Is 282871 prime?
False
Is 188141 prime?
False
Is 102761 a prime number?
True
Is 232741 a composite number?
False
Is 33091 a prime number?
True
Is 1381 a composite number?
False
Is 829655 a prime number?
False
Is 108457 a prime number?
True
Is 163113 a prime number?
False
Is 431069 composite?
True
Is 68207 composite?
False
Is 681271 prime?
True
Is 464617 composite?
False
Is 169203 prime?
False
Is 77 prime?
False
Is 2509 prime?
False
Is 933 prime?
False
Is 537517 prime?
False
Is 24659 a composite number?
False
Is 14197 composite?
False
Is 12761 a prime number?
False
Is 1017713 prime?
True
Is 2688523 a composite number?
False
Is 283267 composite?
False
Is 5501 a prime number?
True
Is 16181 composite?
True
Is 2179 prime?
True
Is 1087 a prime number?
True
Is 7481 prime?
True
Is 983337 composite?
True
Is 448111 a prime number?
True
Is 86741 prime?
False
Is 51335 a composite number?
True
Is 2206 a composite number?
True
Is 42899 a prime number?
True
Is 16689 prime?
False
Is 13523 a composite number?
False
Is 61547 a prime number?
True
Is 1741 a composite number?
False
Is 5779 a prime number?
True
Is 1155535 prime?
False
Is 188911 a prime number?
True
Is 31163 a composite number?
True
Is 3247 prime?
False
Is 141646 prime?
False
Is 1781 a composite number?
True
Is 3675365 a prime number?
False
Is 59387 prime?
True
Is 57611 composite?
True
Is 113621 prime?
True
Is 10594 a composite number?
True
Is 107339 prime?
True
Is 17551 a prime number?
True
Is 471 composite?
True
Is 78569 composite?
False
Is 763337 a composite number?
True
Is 24487 prime?
False
Is 18431 a composite number?
True
Is 9487 composite?
True
Is 22613 composite?
False
Is 186601 prime?
True
Is 4967 a composite number?
False
Is 11107 a composite number?
True
Is 7513 a composite number?
True
Is 7603 composite?
False
Is 6121 composite?
False
Is 720059 prime?
True
Is 54037 a prime number?
True
Is 15545 a prime number?
False
Is 947915 a composite number?
True
Is 79493 composite?
False
Is 133459 prime?
False
Is 136923 prime?
False
Is 38431 a prime number?
True
Is 79957 a composite number?
True
Is 147835 a composite number?
True
Is 5313783 composite?
True
Is 1242553 a prime number?
False
Is 1931 a composite number?
False
Is 64777 a prime number?
False
Is 3821 prime?
True
Is 465611 composite?
False
Is 49729 prime?
False
Is 4049 a composite number?
False
Is 99039 a composite number?
True
Is 178939 a composite number?
False
Is 43193 a prime number?
False
Is 591719 a composite number?
True
Is 34421 a prime number?
True
Is 2819 prime?
True
Is 4409221 a composite number?
False
Is 86447 a prime number?
False
Is 1893 a prime number?
False
Is 18823 a prime number?
False
Is 34877 composite?
False
Is 452131 a composite number?
False
Is 3952873 composite?
False
Is 395 a composite number?
True
Is 9314 composite?
True
Is 226337 composite?
False
Is 602377 a prime number?
True
Is 509203 pr